{"id":962,"date":"2021-11-03T09:58:07","date_gmt":"2021-11-03T09:58:07","guid":{"rendered":"https:\/\/hortgreen.com\/?page_id=962"},"modified":"2026-03-25T07:08:40","modified_gmt":"2026-03-25T07:08:40","slug":"results","status":"publish","type":"page","link":"https:\/\/hortgreen.com\/hu\/results\/","title":{"rendered":"Eredm\u00e9nyek"},"content":{"rendered":"<p>[vc_row container=&#8221;1&#8243; css=&#8221;.vc_custom_1635933864424{margin-top: 5px !important;}&#8221;][vc_column width=&#8221;1\/2&#8243;][vc_column_text]<\/p>\n<div class=\"gdlr-core-pbf-element\">\n<div class=\"gdlr-core-icon-list-item gdlr-core-item-pdlr gdlr-core-item-pdb clearfix gdlr-core-left-align gdlr-core-style-1\">\n<ul>\n<li class=\" gdlr-core-skin-divider clearfix\">\n<div class=\"gdlr-core-icon-list-content-wrap\">M1 Bukaresti nyit\u00f3 tal\u00e1lkoz\u00f3<\/div>\n<\/li>\n<\/ul>\n<\/div>\n<\/div>\n<div class=\"gdlr-core-pbf-element\">\n<div class=\"gdlr-core-text-box-item gdlr-core-item-pdlr gdlr-core-item-pdb gdlr-core-left-align\">\n<div class=\"gdlr-core-text-box-item-content\">\n<p>Janu\u00e1r 29-\u00e9n, p\u00e9nteken hivatalosan is elind\u00edtottuk a &#8222;Kert\u00e9szeti szakemberek gyakorlati k\u00e9szs\u00e9geinek fejleszt\u00e9se az Eur\u00f3pai Z\u00f6ld Meg\u00e1llapod\u00e1s k\u00f6vetelm\u00e9nyeinek jobb kiel\u00e9g\u00edt\u00e9se \u00e9rdek\u00e9ben&#8221; c\u00edm\u0171 ERASMUS+ projektet.<\/p>\n<p>A projektbemutat\u00f3k el\u00e9rhet\u0151k a projekt <a href=\"https:\/\/www.youtube.com\/channel\/UCit9TifmSecwMMwNRjdd0NA\" target=\"_blank\" rel=\"noopener\">YouTube oldal\u00e1n<\/a>.<\/p>\n<\/div>\n<\/div>\n<\/div>\n<div class=\"gdlr-core-pbf-element\">\n<div class=\"gdlr-core-icon-list-item gdlr-core-item-pdlr gdlr-core-item-pdb clearfix gdlr-core-left-align gdlr-core-style-1\">\n<ul>\n<li class=\" gdlr-core-skin-divider clearfix\"><i class=\"gdlr-core-icon-list-icon fa fa-dot-circle-o\"><\/i>\n<div class=\"gdlr-core-icon-list-content-wrap\">MA6 Project weboldal elind\u00edt\u00e1sa \u00e9s friss\u00edt\u00e9se<\/div>\n<\/li>\n<\/ul>\n<\/div>\n<\/div>\n<div class=\"gdlr-core-pbf-element\">\n<div class=\"gdlr-core-text-box-item gdlr-core-item-pdlr gdlr-core-item-pdb gdlr-core-left-align\">\n<div class=\"gdlr-core-text-box-item-content\">\n<p>A projekt honlapja 2021. m\u00e1rcius 4-\u00e9n indult el. \u00d6n itt van, csak n\u00e9zze \u00e1t!<\/p>\n<\/div>\n<\/div>\n<\/div>\n<div class=\"gdlr-core-pbf-element\">\n<div class=\"gdlr-core-icon-list-item gdlr-core-item-pdlr gdlr-core-item-pdb clearfix gdlr-core-left-align gdlr-core-style-1\">\n<ul>\n<li class=\" gdlr-core-skin-divider clearfix\"><i class=\"gdlr-core-icon-list-icon fa fa-dot-circle-o\"><\/i>\n<div class=\"gdlr-core-icon-list-content-wrap\">MA9 Bels\u0151 kommunik\u00e1ci\u00f3<\/div>\n<\/li>\n<\/ul>\n<\/div>\n<\/div>\n<div class=\"gdlr-core-pbf-element\">\n<div class=\"gdlr-core-icon-list-item gdlr-core-item-pdlr gdlr-core-item-pdb clearfix gdlr-core-left-align gdlr-core-style-1\">\n<ul>\n<li class=\" gdlr-core-skin-divider clearfix\"><i class=\"gdlr-core-icon-list-icon fa fa-dot-circle-o\"><\/i>\n<div class=\"gdlr-core-icon-list-content-wrap\">MA13 Az \u00e9rdekelt felek bevon\u00e1s\u00e1val kapcsolatos esem\u00e9nyek<\/div>\n<\/li>\n<\/ul>\n<\/div>\n<\/div>\n<p>[\/vc_column_text][\/vc_column][vc_column width=&#8221;1\/2&#8243;][vc_single_image image=&#8221;1162&#8243; img_size=&#8221;full&#8221;][\/vc_column][\/vc_row]<\/p>\n","protected":false},"excerpt":{"rendered":"<p>[vc_row container=&#8221;1&#8243; css=&#8221;.vc_custom_1635933864424{margin-top: 5px !important;}&#8221;][vc_column width=&#8221;1\/2&#8243;][vc_column_text] M1 Bukaresti nyit\u00f3 tal\u00e1lkoz\u00f3 Janu\u00e1r 29-\u00e9n, p\u00e9nteken hivatalosan is elind\u00edtottuk a &#8222;Kert\u00e9szeti szakemberek gyakorlati<\/p>\n","protected":false},"author":1,"featured_media":0,"parent":0,"menu_order":0,"comment_status":"closed","ping_status":"closed","template":"tpl-visual_composer.php","meta":{"footnotes":""},"class_list":["post-962","page","type-page","status-publish","hentry"],"_links":{"self":[{"href":"https:\/\/hortgreen.com\/hu\/wp-json\/wp\/v2\/pages\/962","targetHints":{"allow":["GET"]}}],"collection":[{"href":"https:\/\/hortgreen.com\/hu\/wp-json\/wp\/v2\/pages"}],"about":[{"href":"https:\/\/hortgreen.com\/hu\/wp-json\/wp\/v2\/types\/page"}],"author":[{"embeddable":true,"href":"https:\/\/hortgreen.com\/hu\/wp-json\/wp\/v2\/users\/1"}],"replies":[{"embeddable":true,"href":"https:\/\/hortgreen.com\/hu\/wp-json\/wp\/v2\/comments?post=962"}],"version-history":[{"count":30,"href":"https:\/\/hortgreen.com\/hu\/wp-json\/wp\/v2\/pages\/962\/revisions"}],"predecessor-version":[{"id":13314,"href":"https:\/\/hortgreen.com\/hu\/wp-json\/wp\/v2\/pages\/962\/revisions\/13314"}],"wp:attachment":[{"href":"https:\/\/hortgreen.com\/hu\/wp-json\/wp\/v2\/media?parent=962"}],"curies":[{"name":"wp","href":"https:\/\/api.w.org\/{rel}","templated":true}]}}

Eredmények

<p>[vc_row container=&#8221;1&#8243; css=&#8221;.vc_custom_1635933864424{margin-top: 5px !important;}&#8221;][vc_column width=&#8221;1/2&#8243;][vc_column_text]</p>
<div class="gdlr-core-pbf-element">
<div class="gdlr-core-icon-list-item gdlr-core-item-pdlr gdlr-core-item-pdb clearfix gdlr-core-left-align gdlr-core-style-1">
<ul>
<li class=" gdlr-core-skin-divider clearfix">
<div class="gdlr-core-icon-list-content-wrap">M1 Bukaresti nyitó találkozó</div>
</li>
</ul>
</div>
</div>
<div class="gdlr-core-pbf-element">
<div class="gdlr-core-text-box-item gdlr-core-item-pdlr gdlr-core-item-pdb gdlr-core-left-align">
<div class="gdlr-core-text-box-item-content">
<p>Január 29-én, pénteken hivatalosan is elindítottuk a &#8222;Kertészeti szakemberek gyakorlati készségeinek fejlesztése az Európai Zöld Megállapodás követelményeinek jobb kielégítése érdekében&#8221; című ERASMUS+ projektet.</p>
<p>A projektbemutatók elérhetők a projekt <a href="https://www.youtube.com/channel/UCit9TifmSecwMMwNRjdd0NA" target="_blank" rel="noopener">YouTube oldalán</a>.</p>
</div>
</div>
</div>
<div class="gdlr-core-pbf-element">
<div class="gdlr-core-icon-list-item gdlr-core-item-pdlr gdlr-core-item-pdb clearfix gdlr-core-left-align gdlr-core-style-1">
<ul>
<li class=" gdlr-core-skin-divider clearfix"><i class="gdlr-core-icon-list-icon fa fa-dot-circle-o"></i>
<div class="gdlr-core-icon-list-content-wrap">MA6 Project weboldal elindítása és frissítése</div>
</li>
</ul>
</div>
</div>
<div class="gdlr-core-pbf-element">
<div class="gdlr-core-text-box-item gdlr-core-item-pdlr gdlr-core-item-pdb gdlr-core-left-align">
<div class="gdlr-core-text-box-item-content">
<p>A projekt honlapja 2021. március 4-én indult el. Ön itt van, csak nézze át!</p>
</div>
</div>
</div>
<div class="gdlr-core-pbf-element">
<div class="gdlr-core-icon-list-item gdlr-core-item-pdlr gdlr-core-item-pdb clearfix gdlr-core-left-align gdlr-core-style-1">
<ul>
<li class=" gdlr-core-skin-divider clearfix"><i class="gdlr-core-icon-list-icon fa fa-dot-circle-o"></i>
<div class="gdlr-core-icon-list-content-wrap">MA9 Belső kommunikáció</div>
</li>
</ul>
</div>
</div>
<div class="gdlr-core-pbf-element">
<div class="gdlr-core-icon-list-item gdlr-core-item-pdlr gdlr-core-item-pdb clearfix gdlr-core-left-align gdlr-core-style-1">
<ul>
<li class=" gdlr-core-skin-divider clearfix"><i class="gdlr-core-icon-list-icon fa fa-dot-circle-o"></i>
<div class="gdlr-core-icon-list-content-wrap">MA13 Az érdekelt felek bevonásával kapcsolatos események</div>
</li>
</ul>
</div>
</div>
<p>[/vc_column_text][/vc_column][vc_column width=&#8221;1/2&#8243;][vc_single_image image=&#8221;1162&#8243; img_size=&#8221;full&#8221;][/vc_column][/vc_row]</p>

<p>[vc_row container=&#8221;1&#8243; css=&#8221;.vc_custom_1635933864424{margin-top: 5px !important;}&#8221;][vc_column width=&#8221;1/2&#8243;][vc_column_text] M1 Bukaresti nyitó találkozó Január 29-én, pénteken hivatalosan is elindítottuk a &#8222;Kertészeti szakemberek gyakorlati</p>
