{"id":951,"date":"2021-11-03T09:28:54","date_gmt":"2021-11-03T09:28:54","guid":{"rendered":"https:\/\/hortgreen.com\/?page_id=951"},"modified":"2023-12-12T13:12:49","modified_gmt":"2023-12-12T13:12:49","slug":"activities","status":"publish","type":"page","link":"https:\/\/hortgreen.com\/hu\/activities\/","title":{"rendered":"TEV\u00c9KENYS\u00c9GEK"},"content":{"rendered":"<p>[vc_row][vc_column][\/vc_column][\/vc_row][vc_row container=&#8221;1&#8243; css=&#8221;.vc_custom_1635931810907{margin-top: 25px !important;}&#8221;][vc_column width=&#8221;1\/2&#8243;][vc_column_text]<\/p>\n<div class=\"gdlr-core-pbf-element\">\n<div class=\"gdlr-core-text-box-item gdlr-core-item-pdlr gdlr-core-item-pdb gdlr-core-left-align\">\n<div class=\"gdlr-core-text-box-item-content\">\u00edme \u00f6tf\u00e9le k\u00fcl\u00f6nb\u00f6z\u0151 tev\u00e9kenys\u00e9g, amelyet ebben a projektben v\u00e1llalunk:<\/div>\n<\/div>\n<\/div>\n<div class=\"gdlr-core-pbf-element\">\n<div class=\"gdlr-core-icon-list-item gdlr-core-item-pdlr gdlr-core-item-pdb clearfix gdlr-core-left-align gdlr-core-style-1\">\n<ul>\n<li class=\" gdlr-core-skin-divider clearfix\">\n<div class=\"gdlr-core-icon-list-content-wrap\"><i class=\"gdlr-core-icon-list-icon fa fa-dot-circle-o\"><\/i><strong>A PROJEKTMENEDZSMENT TEV\u00c9KENYS\u00c9G<\/strong> tov\u00e1bbi n\u00e9gy kateg\u00f3ri\u00e1t foglal mag\u00e1ban: projektmenedzsment; kommunik\u00e1ci\u00f3, terjeszt\u00e9s \u00e9s t\u00e1j\u00e9koztat\u00e1s; projektfigyel\u00e9s, kock\u00e1zat- \u00e9s k\u00e9szenl\u00e9ti tervez\u00e9s, valamint a projekt fenntarthat\u00f3s\u00e1ga.<\/div>\n<\/li>\n<\/ul>\n<\/div>\n<\/div>\n<div class=\"gdlr-core-pbf-element\">\n<div class=\"gdlr-core-text-box-item gdlr-core-item-pdlr gdlr-core-item-pdb gdlr-core-left-align\">\n<div class=\"gdlr-core-text-box-item-content\">\n<ul>\n<li>PROJEKTMENEDZSMENT\n<ul>\n<li>MA1 Jogi Menedzsment<\/li>\n<li>MA2 P\u00e9nz\u00fcgyi menedzsment<\/li>\n<li>MA3 H\u00e1l\u00f3zat\u00e9p\u00edt\u00e9s \u00e9s egy\u00fcttm\u0171k\u00f6d\u00e9s<\/li>\n<li>MA4 Id\u0151k\u00f6zi jelent\u00e9s beny\u00fajt\u00e1sa<\/li>\n<li>MA5 Z\u00e1r\u00f3jelent\u00e9s beny\u00fajt\u00e1sa<\/li>\n<\/ul>\n<\/li>\n<\/ul>\n<ul>\n<li>KOMMUNIK\u00c1CI\u00d3, T\u00c1J\u00c9KOZTAT\u00c1S \u00c9S ISMERTET\u00c9S\n<ul>\n<li>MA6 Projekt weboldal elind\u00edt\u00e1sa \u00e9s friss\u00edt\u00e9se<\/li>\n<li>MA7 K\u00f6z\u00f6ss\u00e9gi m\u00e9dia el\u00e9r\u00e9s<\/li>\n<li>MA8 Hirdet\u00e9s helyi foly\u00f3iratokban<\/li>\n<li>MA9 Bels\u0151 kommunik\u00e1ci\u00f3<\/li>\n<\/ul>\n<\/li>\n<\/ul>\n<ul>\n<li>A PROJEKT NYOMON K\u00d6VET\u00c9SE, KOCK\u00c1ZATOK \u00c9S RENDK\u00cdV\u00dcLI HELYZETEK\n<ul>\n<li>MA10 A projekt nyomon k\u00f6vet\u00e9se<\/li>\n<li>MA11 Kock\u00e1zatelemz\u00e9s<\/li>\n<\/ul>\n<\/li>\n<\/ul>\n<ul>\n<li>A PROJEKT FENNTARTHAT\u00d3S\u00c1GA\n<ul>\n<li>MA12 Szellemi kimenetek hat\u00e1svizsg\u00e1lata<\/li>\n<li>MA13 Az \u00e9rintettek bevon\u00e1s\u00e1val kapcsolatos esem\u00e9nyek<\/li>\n<\/ul>\n<\/li>\n<\/ul>\n<\/div>\n<\/div>\n<\/div>\n<div class=\"gdlr-core-pbf-element\">\n<div class=\"gdlr-core-icon-list-item gdlr-core-item-pdlr gdlr-core-item-pdb clearfix gdlr-core-left-align gdlr-core-style-1\">\n<ul>\n<li class=\" gdlr-core-skin-divider clearfix\">\n<div class=\"gdlr-core-icon-list-content-wrap\"><i class=\"gdlr-core-icon-list-icon fa fa-dot-circle-o\"><\/i><strong>NEMZETK\u00d6ZI PROJEKTTAL\u00c1LKOZ\u00d3K<\/strong>. A megval\u00f3s\u00edt\u00e1s 30 h\u00f3napja alatt \u00f6t TPM-re lesz sz\u00fcks\u00e9g, \u00e9s minden partnert\u0151l k\u00e9t-k\u00e9t szem\u00e9ly felel az ir\u00e1ny\u00edt\u00e1s\u00e9rt \u00e9s a v\u00e9grehajt\u00e1s\u00e9rt.<\/div>\n<\/li>\n<\/ul>\n<\/div>\n<\/div>\n<div class=\"gdlr-core-pbf-element\">\n<div class=\"gdlr-core-text-box-item gdlr-core-item-pdlr gdlr-core-item-pdb gdlr-core-left-align\">\n<div class=\"gdlr-core-text-box-item-content\">\n<ul>\n<li>M1 nyit\u00f3tal\u00e1lkoz\u00f3 Bukarestben<\/li>\n<li>M2 nemzetek k\u00f6z\u00f6tti tal\u00e1lkoz\u00f3 Ankar\u00e1ban<\/li>\n<li>M3 nemzetek k\u00f6z\u00f6tti tal\u00e1lkoz\u00f3 Budapesten<\/li>\n<li>M4 nemzetek k\u00f6z\u00f6tti tal\u00e1lkoz\u00f3 Sz\u00f3fi\u00e1ban<\/li>\n<li>M5 z\u00e1r\u00f3 tal\u00e1lkoz\u00f3 Bukarestben<\/li>\n<\/ul>\n<\/div>\n<\/div>\n<\/div>\n<div class=\"gdlr-core-pbf-element\">\n<div class=\"gdlr-core-icon-list-item gdlr-core-item-pdlr gdlr-core-item-pdb clearfix gdlr-core-left-align gdlr-core-style-1\">\n<ul>\n<li class=\" gdlr-core-skin-divider clearfix\">\n<div class=\"gdlr-core-icon-list-content-wrap\"><i class=\"gdlr-core-icon-list-icon fa fa-dot-circle-o\"><\/i>A projekt megval\u00f3s\u00edt\u00e1sa sor\u00e1n h\u00e9t <strong>INT\u00c9ZM\u00c9NYI KIVONAT<\/strong> ker\u00fcl kidolgoz\u00e1sra, amelyek c\u00e9lcsoportjai a mesterszakos hallgat\u00f3k, valamint az oktat\u00f3 \u00e9s nem oktat\u00f3 szem\u00e9lyzet.<\/div>\n<\/li>\n<\/ul>\n<\/div>\n<\/div>\n<div class=\"gdlr-core-pbf-element\">\n<div class=\"gdlr-core-text-box-item gdlr-core-item-pdlr gdlr-core-item-pdb gdlr-core-left-align\">\n<div class=\"gdlr-core-text-box-item-content\">\n<ul>\n<li>O1 `A kert\u00e9szeti term\u00e9kek t\u00e1pl\u00e1lkoz\u00e1si min\u0151s\u00e9ge` k\u00e9zik\u00f6nyv, rom\u00e1n partner vezet\u00e9s\u00e9vel,<\/li>\n<li>O2 `K\u00e9miai n\u00f6v\u00e9nyv\u00e9d\u0151szer-mentes kert\u00e9szet` k\u00e9zik\u00f6nyv &#8211; bolg\u00e1r partner vezet\u00e9s\u00e9vel,<\/li>\n<li>O3 `A peszticidek fenntarthat\u00f3 haszn\u00e1lata \u00e9s szermaradv\u00e1nyaik ellen\u0151rz\u00e9se` k\u00e9zik\u00f6nyv, a rom\u00e1n partner vezet\u00e9s\u00e9vel,<\/li>\n<li>O4 `V\u00e1rosi kert\u00e9szet` k\u00e9zik\u00f6nyv, bolg\u00e1r partner vezet\u00e9s\u00e9vel,<\/li>\n<li>O5 `Fenntarthat\u00f3 n\u00f6v\u00e9nyv\u00e9d\u0151szer-haszn\u00e1lat. A vegyszermentes kert\u00e9szet \u00fatj\u00e1nak megk\u00f6nny\u00edt\u00e9se` c\u00edm\u0171 film, a t\u00f6r\u00f6k partner vezet\u00e9s\u00e9vel,<\/li>\n<li>O6 `A v\u00e1rosi kert\u00e9szet, a jobb lak\u00f3k\u00f6rnyezet eszk\u00f6ze` c\u00edm\u0171 film, a bolg\u00e1r partner vezet\u00e9s\u00e9vel.<\/li>\n<li>O7 `Hort4EUGren Online platform`, rom\u00e1n partner vezet\u00e9s\u00e9vel.<\/li>\n<\/ul>\n<\/div>\n<\/div>\n<\/div>\n<div class=\"gdlr-core-pbf-element\">\n<div class=\"gdlr-core-icon-list-item gdlr-core-item-pdlr gdlr-core-item-pdb clearfix gdlr-core-left-align gdlr-core-style-1\">\n<ul>\n<li class=\" gdlr-core-skin-divider clearfix\">\n<div class=\"gdlr-core-icon-list-content-wrap\"><i class=\"gdlr-core-icon-list-icon fa fa-dot-circle-o\"><\/i>\u00d6t <strong>TANUL\u00c1SI, TAN\u00cdT\u00c1SI \u00c9S K\u00c9PZ\u00c9SI TEV\u00c9KENYS\u00c9G<\/strong> ker\u00fcl megrendez\u00e9sre a partnerszervezetek munkat\u00e1rsai sz\u00e1m\u00e1ra, kett\u0151 pedig az int\u00e9zm\u00e9nyeinken k\u00edv\u00fcli c\u00e9lcsoportok sz\u00e1m\u00e1ra. N\u00e9gy r\u00f6vid t\u00e1v\u00fa, \u00f6tnapos k\u00f6z\u00f6s k\u00e9pz\u00e9st szerveznek partnerorsz\u00e1gonk\u00e9nt, \u00e9s egy intenz\u00edv, egy h\u00f3napos r\u00f6vid t\u00e1v\u00fa k\u00e9pz\u00e9st. A m\u00e1sodik \u00e9s harmadik \u00e9vben k\u00e9t ny\u00e1ri iskol\u00e1ra ker\u00fcl sor a kert\u00e9szeti mesterszakos \u00e9s PhD hallgat\u00f3k sz\u00e1m\u00e1ra Bukarestben \u00e9s Sz\u00f3fi\u00e1ban.<\/div>\n<\/li>\n<\/ul>\n<\/div>\n<\/div>\n<div class=\"gdlr-core-pbf-element\">\n<div class=\"gdlr-core-text-box-item gdlr-core-item-pdlr gdlr-core-item-pdb gdlr-core-left-align\">\n<div class=\"gdlr-core-text-box-item-content\">\n<ul>\n<li>C1 A peszticidek fenntarthat\u00f3 haszn\u00e1lat\u00e1nak kih\u00edv\u00e1sai &#8211; Ankara<\/li>\n<li>C2 Intenz\u00edv k\u00e9pz\u00e9s a n\u00f6v\u00e9nyv\u00e9d\u0151szer-marad\u00e9kok elemz\u00e9s\u00e9r\u0151l &#8211; Budapest<\/li>\n<li>C3 A n\u00f6v\u00e9nyv\u00e9d\u0151szer-marad\u00e9kok elemz\u00e9s\u00e9nek jelene \u00e9s j\u00f6v\u0151je &#8211; Budapest<\/li>\n<li>C4 A v\u00e1rosi kert\u00e9szet jelenlegi helyzete \u00e9s kil\u00e1t\u00e1sai &#8211; Sz\u00f3fia<\/li>\n<li>C5 Az \u00e9lelmiszerek t\u00e1pl\u00e1lkoz\u00e1si min\u0151s\u00e9ge \u00e9s a peszticidek k\u00f6z\u00f6tti kapcsolat &#8211; Bukarest<\/li>\n<li>C6 Ny\u00e1ri iskola &#8211; A d\u00e9lkelet-eur\u00f3pai orsz\u00e1gok k\u00e9szs\u00e9geinek \u00f6sszehangol\u00e1sa a `peszticidmentes k\u00f6rnyezet\u00e9rt`, Rom\u00e1nia<\/li>\n<li>C7 Ny\u00e1ri iskola `V\u00e1rosi kert\u00e9szet`, Sz\u00f3fia<\/li>\n<\/ul>\n<\/div>\n<\/div>\n<\/div>\n<div class=\"gdlr-core-pbf-element\">\n<div class=\"gdlr-core-icon-list-item gdlr-core-item-pdlr gdlr-core-item-pdb clearfix gdlr-core-left-align gdlr-core-style-1\">\n<ul>\n<li class=\" gdlr-core-skin-divider clearfix\">\n<div class=\"gdlr-core-icon-list-content-wrap\"><i class=\"gdlr-core-icon-list-icon fa fa-dot-circle-o\"><\/i>K\u00e9t <strong>MULTIPLIER RENDEZV\u00c9NYT<\/strong> szerveznek Rom\u00e1ni\u00e1ban \u00e9s Bulg\u00e1ri\u00e1ban, amelyek bemutatj\u00e1k a projekt \u00f6sszes eredm\u00e9ny\u00e9t, a kert\u00e9szeti mesterszakos hallgat\u00f3k \u00e9s oktat\u00f3k, valamint az \u00e9rdekelt felek, mint v\u00e1llalkoz\u00f3k, gazd\u00e1lkod\u00f3k, k\u00f6zigazgat\u00e1si szervek stb. sz\u00e1m\u00e1ra.<\/div>\n<\/li>\n<\/ul>\n<\/div>\n<\/div>\n<div class=\"gdlr-core-pbf-element\">\n<div class=\"gdlr-core-text-box-item gdlr-core-item-pdlr gdlr-core-item-pdb gdlr-core-left-align\">\n<div class=\"gdlr-core-text-box-item-content\">\n<ul>\n<li>E1 `Az eur\u00f3pai z\u00f6ld meg\u00e1llapod\u00e1s hozz\u00e1j\u00e1rul\u00e1sa a v\u00e1rosi kert\u00e9szet fejleszt\u00e9s\u00e9hez`, Bulg\u00e1ri\u00e1ban<\/li>\n<li>E2 `Az eur\u00f3pai z\u00f6ld meg\u00e1llapod\u00e1s k\u00f6vetkezm\u00e9nyei a kert\u00e9szeti tanul\u00e1si, tan\u00edt\u00e1si \u00e9s k\u00e9pz\u00e9si tev\u00e9kenys\u00e9gekben`, Rom\u00e1ni\u00e1ban<\/li>\n<\/ul>\n<\/div>\n<\/div>\n<\/div>\n<p>[\/vc_column_text][\/vc_column][vc_column width=&#8221;1\/2&#8243;][vc_single_image image=&#8221;1183&#8243; img_size=&#8221;large&#8221; alignment=&#8221;center&#8221;][\/vc_column][\/vc_row]<\/p>\n","protected":false},"excerpt":{"rendered":"<p>[vc_row][vc_column][\/vc_column][\/vc_row][vc_row container=&#8221;1&#8243; css=&#8221;.vc_custom_1635931810907{margin-top: 25px !important;}&#8221;][vc_column width=&#8221;1\/2&#8243;][vc_column_text] \u00edme \u00f6tf\u00e9le k\u00fcl\u00f6nb\u00f6z\u0151 tev\u00e9kenys\u00e9g, amelyet ebben a projektben v\u00e1llalunk: A PROJEKTMENEDZSMENT TEV\u00c9KENYS\u00c9G tov\u00e1bbi n\u00e9gy<\/p>\n","protected":false},"author":1,"featured_media":0,"parent":0,"menu_order":0,"comment_status":"closed","ping_status":"closed","template":"tpl-visual_composer.php","meta":{"footnotes":""},"class_list":["post-951","page","type-page","status-publish","hentry"],"_links":{"self":[{"href":"https:\/\/hortgreen.com\/hu\/wp-json\/wp\/v2\/pages\/951","targetHints":{"allow":["GET"]}}],"collection":[{"href":"https:\/\/hortgreen.com\/hu\/wp-json\/wp\/v2\/pages"}],"about":[{"href":"https:\/\/hortgreen.com\/hu\/wp-json\/wp\/v2\/types\/page"}],"author":[{"embeddable":true,"href":"https:\/\/hortgreen.com\/hu\/wp-json\/wp\/v2\/users\/1"}],"replies":[{"embeddable":true,"href":"https:\/\/hortgreen.com\/hu\/wp-json\/wp\/v2\/comments?post=951"}],"version-history":[{"count":17,"href":"https:\/\/hortgreen.com\/hu\/wp-json\/wp\/v2\/pages\/951\/revisions"}],"predecessor-version":[{"id":1461,"href":"https:\/\/hortgreen.com\/hu\/wp-json\/wp\/v2\/pages\/951\/revisions\/1461"}],"wp:attachment":[{"href":"https:\/\/hortgreen.com\/hu\/wp-json\/wp\/v2\/media?parent=951"}],"curies":[{"name":"wp","href":"https:\/\/api.w.org\/{rel}","templated":true}]}}

TEVÉKENYSÉGEK

<p>[vc_row][vc_column][/vc_column][/vc_row][vc_row container=&#8221;1&#8243; css=&#8221;.vc_custom_1635931810907{margin-top: 25px !important;}&#8221;][vc_column width=&#8221;1/2&#8243;][vc_column_text]</p>
<div class="gdlr-core-pbf-element">
<div class="gdlr-core-text-box-item gdlr-core-item-pdlr gdlr-core-item-pdb gdlr-core-left-align">
<div class="gdlr-core-text-box-item-content">íme ötféle különböző tevékenység, amelyet ebben a projektben vállalunk:</div>
</div>
</div>
<div class="gdlr-core-pbf-element">
<div class="gdlr-core-icon-list-item gdlr-core-item-pdlr gdlr-core-item-pdb clearfix gdlr-core-left-align gdlr-core-style-1">
<ul>
<li class=" gdlr-core-skin-divider clearfix">
<div class="gdlr-core-icon-list-content-wrap"><i class="gdlr-core-icon-list-icon fa fa-dot-circle-o"></i><strong>A PROJEKTMENEDZSMENT TEVÉKENYSÉG</strong> további négy kategóriát foglal magában: projektmenedzsment; kommunikáció, terjesztés és tájékoztatás; projektfigyelés, kockázat- és készenléti tervezés, valamint a projekt fenntarthatósága.</div>
</li>
</ul>
</div>
</div>
<div class="gdlr-core-pbf-element">
<div class="gdlr-core-text-box-item gdlr-core-item-pdlr gdlr-core-item-pdb gdlr-core-left-align">
<div class="gdlr-core-text-box-item-content">
<ul>
<li>PROJEKTMENEDZSMENT
<ul>
<li>MA1 Jogi Menedzsment</li>
<li>MA2 Pénzügyi menedzsment</li>
<li>MA3 Hálózatépítés és együttműködés</li>
<li>MA4 Időközi jelentés benyújtása</li>
<li>MA5 Zárójelentés benyújtása</li>
</ul>
</li>
</ul>
<ul>
<li>KOMMUNIKÁCIÓ, TÁJÉKOZTATÁS ÉS ISMERTETÉS
<ul>
<li>MA6 Projekt weboldal elindítása és frissítése</li>
<li>MA7 Közösségi média elérés</li>
<li>MA8 Hirdetés helyi folyóiratokban</li>
<li>MA9 Belső kommunikáció</li>
</ul>
</li>
</ul>
<ul>
<li>A PROJEKT NYOMON KÖVETÉSE, KOCKÁZATOK ÉS RENDKÍVÜLI HELYZETEK
<ul>
<li>MA10 A projekt nyomon követése</li>
<li>MA11 Kockázatelemzés</li>
</ul>
</li>
</ul>
<ul>
<li>A PROJEKT FENNTARTHATÓSÁGA
<ul>
<li>MA12 Szellemi kimenetek hatásvizsgálata</li>
<li>MA13 Az érintettek bevonásával kapcsolatos események</li>
</ul>
</li>
</ul>
</div>
</div>
</div>
<div class="gdlr-core-pbf-element">
<div class="gdlr-core-icon-list-item gdlr-core-item-pdlr gdlr-core-item-pdb clearfix gdlr-core-left-align gdlr-core-style-1">
<ul>
<li class=" gdlr-core-skin-divider clearfix">
<div class="gdlr-core-icon-list-content-wrap"><i class="gdlr-core-icon-list-icon fa fa-dot-circle-o"></i><strong>NEMZETKÖZI PROJEKTTALÁLKOZÓK</strong>. A megvalósítás 30 hónapja alatt öt TPM-re lesz szükség, és minden partnertől két-két személy felel az irányításért és a végrehajtásért.</div>
</li>
</ul>
</div>
</div>
<div class="gdlr-core-pbf-element">
<div class="gdlr-core-text-box-item gdlr-core-item-pdlr gdlr-core-item-pdb gdlr-core-left-align">
<div class="gdlr-core-text-box-item-content">
<ul>
<li>M1 nyitótalálkozó Bukarestben</li>
<li>M2 nemzetek közötti találkozó Ankarában</li>
<li>M3 nemzetek közötti találkozó Budapesten</li>
<li>M4 nemzetek közötti találkozó Szófiában</li>
<li>M5 záró találkozó Bukarestben</li>
</ul>
</div>
</div>
</div>
<div class="gdlr-core-pbf-element">
<div class="gdlr-core-icon-list-item gdlr-core-item-pdlr gdlr-core-item-pdb clearfix gdlr-core-left-align gdlr-core-style-1">
<ul>
<li class=" gdlr-core-skin-divider clearfix">
<div class="gdlr-core-icon-list-content-wrap"><i class="gdlr-core-icon-list-icon fa fa-dot-circle-o"></i>A projekt megvalósítása során hét <strong>INTÉZMÉNYI KIVONAT</strong> kerül kidolgozásra, amelyek célcsoportjai a mesterszakos hallgatók, valamint az oktató és nem oktató személyzet.</div>
</li>
</ul>
</div>
</div>
<div class="gdlr-core-pbf-element">
<div class="gdlr-core-text-box-item gdlr-core-item-pdlr gdlr-core-item-pdb gdlr-core-left-align">
<div class="gdlr-core-text-box-item-content">
<ul>
<li>O1 `A kertészeti termékek táplálkozási minősége` kézikönyv, román partner vezetésével,</li>
<li>O2 `Kémiai növényvédőszer-mentes kertészet` kézikönyv &#8211; bolgár partner vezetésével,</li>
<li>O3 `A peszticidek fenntartható használata és szermaradványaik ellenőrzése` kézikönyv, a román partner vezetésével,</li>
<li>O4 `Városi kertészet` kézikönyv, bolgár partner vezetésével,</li>
<li>O5 `Fenntartható növényvédőszer-használat. A vegyszermentes kertészet útjának megkönnyítése` című film, a török partner vezetésével,</li>
<li>O6 `A városi kertészet, a jobb lakókörnyezet eszköze` című film, a bolgár partner vezetésével.</li>
<li>O7 `Hort4EUGren Online platform`, román partner vezetésével.</li>
</ul>
</div>
</div>
</div>
<div class="gdlr-core-pbf-element">
<div class="gdlr-core-icon-list-item gdlr-core-item-pdlr gdlr-core-item-pdb clearfix gdlr-core-left-align gdlr-core-style-1">
<ul>
<li class=" gdlr-core-skin-divider clearfix">
<div class="gdlr-core-icon-list-content-wrap"><i class="gdlr-core-icon-list-icon fa fa-dot-circle-o"></i>Öt <strong>TANULÁSI, TANÍTÁSI ÉS KÉPZÉSI TEVÉKENYSÉG</strong> kerül megrendezésre a partnerszervezetek munkatársai számára, kettő pedig az intézményeinken kívüli célcsoportok számára. Négy rövid távú, ötnapos közös képzést szerveznek partnerországonként, és egy intenzív, egy hónapos rövid távú képzést. A második és harmadik évben két nyári iskolára kerül sor a kertészeti mesterszakos és PhD hallgatók számára Bukarestben és Szófiában.</div>
</li>
</ul>
</div>
</div>
<div class="gdlr-core-pbf-element">
<div class="gdlr-core-text-box-item gdlr-core-item-pdlr gdlr-core-item-pdb gdlr-core-left-align">
<div class="gdlr-core-text-box-item-content">
<ul>
<li>C1 A peszticidek fenntartható használatának kihívásai &#8211; Ankara</li>
<li>C2 Intenzív képzés a növényvédőszer-maradékok elemzéséről &#8211; Budapest</li>
<li>C3 A növényvédőszer-maradékok elemzésének jelene és jövője &#8211; Budapest</li>
<li>C4 A városi kertészet jelenlegi helyzete és kilátásai &#8211; Szófia</li>
<li>C5 Az élelmiszerek táplálkozási minősége és a peszticidek közötti kapcsolat &#8211; Bukarest</li>
<li>C6 Nyári iskola &#8211; A délkelet-európai országok készségeinek összehangolása a `peszticidmentes környezetért`, Románia</li>
<li>C7 Nyári iskola `Városi kertészet`, Szófia</li>
</ul>
</div>
</div>
</div>
<div class="gdlr-core-pbf-element">
<div class="gdlr-core-icon-list-item gdlr-core-item-pdlr gdlr-core-item-pdb clearfix gdlr-core-left-align gdlr-core-style-1">
<ul>
<li class=" gdlr-core-skin-divider clearfix">
<div class="gdlr-core-icon-list-content-wrap"><i class="gdlr-core-icon-list-icon fa fa-dot-circle-o"></i>Két <strong>MULTIPLIER RENDEZVÉNYT</strong> szerveznek Romániában és Bulgáriában, amelyek bemutatják a projekt összes eredményét, a kertészeti mesterszakos hallgatók és oktatók, valamint az érdekelt felek, mint vállalkozók, gazdálkodók, közigazgatási szervek stb. számára.</div>
</li>
</ul>
</div>
</div>
<div class="gdlr-core-pbf-element">
<div class="gdlr-core-text-box-item gdlr-core-item-pdlr gdlr-core-item-pdb gdlr-core-left-align">
<div class="gdlr-core-text-box-item-content">
<ul>
<li>E1 `Az európai zöld megállapodás hozzájárulása a városi kertészet fejlesztéséhez`, Bulgáriában</li>
<li>E2 `Az európai zöld megállapodás következményei a kertészeti tanulási, tanítási és képzési tevékenységekben`, Romániában</li>
</ul>
</div>
</div>
</div>
<p>[/vc_column_text][/vc_column][vc_column width=&#8221;1/2&#8243;][vc_single_image image=&#8221;1183&#8243; img_size=&#8221;large&#8221; alignment=&#8221;center&#8221;][/vc_column][/vc_row]</p>

<p>[vc_row][vc_column][/vc_column][/vc_row][vc_row container=&#8221;1&#8243; css=&#8221;.vc_custom_1635931810907{margin-top: 25px !important;}&#8221;][vc_column width=&#8221;1/2&#8243;][vc_column_text] íme ötféle különböző tevékenység, amelyet ebben a projektben vállalunk: A PROJEKTMENEDZSMENT TEVÉKENYSÉG további négy</p>
