{"id":940,"date":"2021-11-03T08:53:18","date_gmt":"2021-11-03T08:53:18","guid":{"rendered":"https:\/\/hortgreen.com\/?page_id=940"},"modified":"2023-12-12T13:39:00","modified_gmt":"2023-12-12T13:39:00","slug":"objectives","status":"publish","type":"page","link":"https:\/\/hortgreen.com\/hu\/objectives\/","title":{"rendered":"C\u00e9lok"},"content":{"rendered":"<p>[vc_row][vc_column][\/vc_column][\/vc_row][vc_row container=&#8221;1&#8243; css=&#8221;.vc_custom_1635930059565{margin-top: 25px !important;}&#8221;][vc_column width=&#8221;1\/2&#8243;][vc_column_text]<\/p>\n<div class=\"gdlr-core-pbf-element\">\n<div class=\"gdlr-core-text-box-item gdlr-core-item-pdlr gdlr-core-item-pdb gdlr-core-left-align\">\n<div class=\"gdlr-core-text-box-item-content\">A Hort4EUGreen projekt \u00e1ltal\u00e1nos c\u00e9lja, hogy a partnerszervezetek munkat\u00e1rsait \u00e9s di\u00e1kjait k\u00e9pezze n\u00e9gy, az Eur\u00f3pa z\u00f6ld meg\u00e1llapod\u00e1shoz kapcsol\u00f3d\u00f3 t\u00e9m\u00e1ban, p\u00e9ld\u00e1ul a modern (termeszt\u00e9si) technol\u00f3gi\u00e1k haszn\u00e1lat\u00e1ban szerzett tud\u00e1suk \u00e9s gyakorlati k\u00e9szs\u00e9geik el\u00e9gg\u00e9 n\u00f6vekedjenek ahhoz, hogy j\u00f3l reag\u00e1ljanak a munkaer\u0151piac aktu\u00e1lis helyzet\u00e9re.<\/div>\n<\/div>\n<\/div>\n<div class=\"gdlr-core-pbf-element\">\n<div class=\"gdlr-core-title-item gdlr-core-item-pdb clearfix gdlr-core-left-align gdlr-core-title-item-caption-top gdlr-core-item-pdlr\">\n<div class=\"gdlr-core-title-item-title-wrap clearfix\">\n<h3 class=\"gdlr-core-title-item-title gdlr-core-skin-title \">Projekt\u00fcnk konkr\u00e9t c\u00e9ljai a k\u00f6vetkez\u0151k:<\/h3>\n<\/div>\n<\/div>\n<\/div>\n<div class=\"gdlr-core-pbf-element\">\n<div class=\"gdlr-core-icon-list-item gdlr-core-item-pdlr gdlr-core-item-pdb clearfix gdlr-core-left-align gdlr-core-style-1\">\n<ul>\n<li class=\" gdlr-core-skin-divider clearfix\">\n<div class=\"gdlr-core-icon-list-content-wrap\"><i class=\"gdlr-core-icon-list-icon fa fa-dot-circle-o\"><\/i>A partnerint\u00e9zm\u00e9nyek oktat\u00f3i \u00e9s nem oktat\u00f3i \u00e1llom\u00e1ny\u00e1nak k\u00e9szs\u00e9geinek \u00e9s kompetenci\u00e1inak b\u0151v\u00edt\u00e9se az \u00e9lelmiszerek \u00e9s mez\u0151gazdas\u00e1gi term\u00e9kek elemz\u00e9se ter\u00e9n \u00faj m\u00f3dszerek \u00e9s protokollok alkalmaz\u00e1s\u00e1ra h\u00e1rom k\u00e9pz\u00e9si programban val\u00f3 r\u00e9szv\u00e9tel \u00e9s n\u00e9gy munkat\u00e1rsi mobilit\u00e1s r\u00e9v\u00e9n val\u00f3sul meg.<\/div>\n<\/li>\n<li class=\" gdlr-core-skin-divider clearfix\">\n<div class=\"gdlr-core-icon-list-content-wrap\"><i class=\"gdlr-core-icon-list-icon fa fa-dot-circle-o\"><\/i>A partnerint\u00e9zm\u00e9nyek mesterszakos hallgat\u00f3inak k\u00e9szs\u00e9geinek \u00e9s kompetenci\u00e1inak b\u0151v\u00edt\u00e9se az \u00e9lelmiszer- \u00e9s mez\u0151gazdas\u00e1gi term\u00e9kek elemz\u00e9se ter\u00e9n \u00faj m\u00f3dszerek \u00e9s protokollok alkalmaz\u00e1s\u00e1ban h\u00e1rom k\u00e9pz\u00e9si programban \u00e9s k\u00e9t mobilit\u00e1sban val\u00f3 r\u00e9szv\u00e9tel \u00e1ltal val\u00f3sul meg.<\/div>\n<\/li>\n<li class=\" gdlr-core-skin-divider clearfix\">\n<div class=\"gdlr-core-icon-list-content-wrap\"><i class=\"gdlr-core-icon-list-icon fa fa-dot-circle-o\"><\/i>A fels\u0151oktat\u00e1s mesterszakos hallgat\u00f3inak \u00e9s munkat\u00e1rsainak \u00e1talak\u00edt\u00e1sa a fenntarthat\u00f3s\u00e1gi koncepci\u00f3 val\u00f3di v\u00e1ltoz\u00e1si t\u00e9nyez\u0151iv\u00e9, h\u00e1rom oktat\u00e1si anyag \u00e9s egy digit\u00e1lis eszk\u00f6z \u00e1tad\u00e1s\u00e1val, amelyeket valamennyi r\u00e9szt vev\u0151 int\u00e9zm\u00e9nyben be kell vezetni.<\/div>\n<\/li>\n<li class=\" gdlr-core-skin-divider clearfix\">\n<div class=\"gdlr-core-icon-list-content-wrap\"><i class=\"gdlr-core-icon-list-icon fa fa-dot-circle-o\"><\/i>Transzdiszciplin\u00e1ris megk\u00f6zel\u00edt\u00e9s \u00e9s innovat\u00edv pedag\u00f3gia bevezet\u00e9se h\u00e1rom kert\u00e9szeti mesterk\u00e9pz\u00e9sben egy kutat\u00e1salap\u00fa tanul\u00e1si modul bevezet\u00e9s\u00e9vel. Ez a modul, amely t\u00e1mogatja az \u00e1tadhat\u00f3, el\u0151remutat\u00f3 k\u00e9szs\u00e9gek elsaj\u00e1t\u00edt\u00e1s\u00e1t a kert\u00e9szet ter\u00fclet\u00e9n, h\u00e1rom innovat\u00edv szellemi kimeneten kereszt\u00fcl val\u00f3sul meg, amelyeket a biotermeszt\u00e9s \u00e9s a biol\u00f3giai sokf\u00e9les\u00e9g ter\u00fclet\u00e9n tev\u00e9kenyked\u0151 fels\u0151oktat\u00e1si szem\u00e9lyzet haszn\u00e1lhat fel.<\/div>\n<\/li>\n<\/ul>\n<\/div>\n<\/div>\n<p>[\/vc_column_text][\/vc_column][vc_column width=&#8221;1\/2&#8243; css=&#8221;.vc_custom_1635930135249{background-color: #e6e6e6 !important;}&#8221;][vc_single_image image=&#8221;942&#8243; img_size=&#8221;large&#8221;][vc_column_text]<\/p>\n<div class=\"gdlr-core-pbf-element\">\n<div class=\"gdlr-core-title-item gdlr-core-item-pdb clearfix gdlr-core-left-align gdlr-core-title-item-caption-top gdlr-core-item-pdlr\">\n<div class=\"gdlr-core-title-item-title-wrap clearfix\">\n<h3><\/h3>\n<h3 class=\"gdlr-core-title-item-title gdlr-core-skin-title \">Szeretne t\u00f6bbet megtudni a projektr\u0151l vagy hozz\u00e1j\u00e1rulni?<\/h3>\n<\/div>\n<\/div>\n<\/div>\n<div class=\"gdlr-core-pbf-element\">\n<div class=\"gdlr-core-text-box-item gdlr-core-item-pdlr gdlr-core-item-pdb gdlr-core-left-align\">\n<div class=\"gdlr-core-text-box-item-content\">\n<p><a href=\"\/contact\/\" target=\"_blank\" rel=\"noopener\">L\u00e9pjen kapcsolatba vel\u00fcnk<\/a><\/p>\n<p><a href=\"https:\/\/www.qlab.ro\/\" target=\"_blank\" rel=\"noopener\">Research Center for Studies of food quality and agricultural products<\/a><br \/>\n<a href=\"https:\/\/www.usamv.ro\/index.php\/en\/\" target=\"_blank\" rel=\"noopener\">University of Agronomic Sciences and Veterinary Medicine of Bucharest<\/a><br \/>\nBd. M\u0103r\u0103\u0219ti 59<br \/>\nBucharest, District 1<br \/>\nRomania<\/p>\n<\/div>\n<\/div>\n<\/div>\n<p>[\/vc_column_text][\/vc_column][\/vc_row]<\/p>\n","protected":false},"excerpt":{"rendered":"<p>[vc_row][vc_column][\/vc_column][\/vc_row][vc_row container=&#8221;1&#8243; css=&#8221;.vc_custom_1635930059565{margin-top: 25px !important;}&#8221;][vc_column width=&#8221;1\/2&#8243;][vc_column_text] A Hort4EUGreen projekt \u00e1ltal\u00e1nos c\u00e9lja, hogy a partnerszervezetek munkat\u00e1rsait \u00e9s di\u00e1kjait k\u00e9pezze n\u00e9gy, az<\/p>\n","protected":false},"author":1,"featured_media":0,"parent":0,"menu_order":0,"comment_status":"closed","ping_status":"closed","template":"tpl-visual_composer.php","meta":{"footnotes":""},"class_list":["post-940","page","type-page","status-publish","hentry"],"_links":{"self":[{"href":"https:\/\/hortgreen.com\/hu\/wp-json\/wp\/v2\/pages\/940","targetHints":{"allow":["GET"]}}],"collection":[{"href":"https:\/\/hortgreen.com\/hu\/wp-json\/wp\/v2\/pages"}],"about":[{"href":"https:\/\/hortgreen.com\/hu\/wp-json\/wp\/v2\/types\/page"}],"author":[{"embeddable":true,"href":"https:\/\/hortgreen.com\/hu\/wp-json\/wp\/v2\/users\/1"}],"replies":[{"embeddable":true,"href":"https:\/\/hortgreen.com\/hu\/wp-json\/wp\/v2\/comments?post=940"}],"version-history":[{"count":20,"href":"https:\/\/hortgreen.com\/hu\/wp-json\/wp\/v2\/pages\/940\/revisions"}],"predecessor-version":[{"id":1463,"href":"https:\/\/hortgreen.com\/hu\/wp-json\/wp\/v2\/pages\/940\/revisions\/1463"}],"wp:attachment":[{"href":"https:\/\/hortgreen.com\/hu\/wp-json\/wp\/v2\/media?parent=940"}],"curies":[{"name":"wp","href":"https:\/\/api.w.org\/{rel}","templated":true}]}}

Célok

<p>[vc_row][vc_column][/vc_column][/vc_row][vc_row container=&#8221;1&#8243; css=&#8221;.vc_custom_1635930059565{margin-top: 25px !important;}&#8221;][vc_column width=&#8221;1/2&#8243;][vc_column_text]</p>
<div class="gdlr-core-pbf-element">
<div class="gdlr-core-text-box-item gdlr-core-item-pdlr gdlr-core-item-pdb gdlr-core-left-align">
<div class="gdlr-core-text-box-item-content">A Hort4EUGreen projekt általános célja, hogy a partnerszervezetek munkatársait és diákjait képezze négy, az Európa zöld megállapodáshoz kapcsolódó témában, például a modern (termesztési) technológiák használatában szerzett tudásuk és gyakorlati készségeik eléggé növekedjenek ahhoz, hogy jól reagáljanak a munkaerőpiac aktuális helyzetére.</div>
</div>
</div>
<div class="gdlr-core-pbf-element">
<div class="gdlr-core-title-item gdlr-core-item-pdb clearfix gdlr-core-left-align gdlr-core-title-item-caption-top gdlr-core-item-pdlr">
<div class="gdlr-core-title-item-title-wrap clearfix">
<h3 class="gdlr-core-title-item-title gdlr-core-skin-title ">Projektünk konkrét céljai a következők:</h3>
</div>
</div>
</div>
<div class="gdlr-core-pbf-element">
<div class="gdlr-core-icon-list-item gdlr-core-item-pdlr gdlr-core-item-pdb clearfix gdlr-core-left-align gdlr-core-style-1">
<ul>
<li class=" gdlr-core-skin-divider clearfix">
<div class="gdlr-core-icon-list-content-wrap"><i class="gdlr-core-icon-list-icon fa fa-dot-circle-o"></i>A partnerintézmények oktatói és nem oktatói állományának készségeinek és kompetenciáinak bővítése az élelmiszerek és mezőgazdasági termékek elemzése terén új módszerek és protokollok alkalmazására három képzési programban való részvétel és négy munkatársi mobilitás révén valósul meg.</div>
</li>
<li class=" gdlr-core-skin-divider clearfix">
<div class="gdlr-core-icon-list-content-wrap"><i class="gdlr-core-icon-list-icon fa fa-dot-circle-o"></i>A partnerintézmények mesterszakos hallgatóinak készségeinek és kompetenciáinak bővítése az élelmiszer- és mezőgazdasági termékek elemzése terén új módszerek és protokollok alkalmazásában három képzési programban és két mobilitásban való részvétel által valósul meg.</div>
</li>
<li class=" gdlr-core-skin-divider clearfix">
<div class="gdlr-core-icon-list-content-wrap"><i class="gdlr-core-icon-list-icon fa fa-dot-circle-o"></i>A felsőoktatás mesterszakos hallgatóinak és munkatársainak átalakítása a fenntarthatósági koncepció valódi változási tényezőivé, három oktatási anyag és egy digitális eszköz átadásával, amelyeket valamennyi részt vevő intézményben be kell vezetni.</div>
</li>
<li class=" gdlr-core-skin-divider clearfix">
<div class="gdlr-core-icon-list-content-wrap"><i class="gdlr-core-icon-list-icon fa fa-dot-circle-o"></i>Transzdiszciplináris megközelítés és innovatív pedagógia bevezetése három kertészeti mesterképzésben egy kutatásalapú tanulási modul bevezetésével. Ez a modul, amely támogatja az átadható, előremutató készségek elsajátítását a kertészet területén, három innovatív szellemi kimeneten keresztül valósul meg, amelyeket a biotermesztés és a biológiai sokféleség területén tevékenykedő felsőoktatási személyzet használhat fel.</div>
</li>
</ul>
</div>
</div>
<p>[/vc_column_text][/vc_column][vc_column width=&#8221;1/2&#8243; css=&#8221;.vc_custom_1635930135249{background-color: #e6e6e6 !important;}&#8221;][vc_single_image image=&#8221;942&#8243; img_size=&#8221;large&#8221;][vc_column_text]</p>
<div class="gdlr-core-pbf-element">
<div class="gdlr-core-title-item gdlr-core-item-pdb clearfix gdlr-core-left-align gdlr-core-title-item-caption-top gdlr-core-item-pdlr">
<div class="gdlr-core-title-item-title-wrap clearfix">
<h3></h3>
<h3 class="gdlr-core-title-item-title gdlr-core-skin-title ">Szeretne többet megtudni a projektről vagy hozzájárulni?</h3>
</div>
</div>
</div>
<div class="gdlr-core-pbf-element">
<div class="gdlr-core-text-box-item gdlr-core-item-pdlr gdlr-core-item-pdb gdlr-core-left-align">
<div class="gdlr-core-text-box-item-content">
<p><a href="/contact/" target="_blank" rel="noopener">Lépjen kapcsolatba velünk</a></p>
<p><a href="https://www.qlab.ro/" target="_blank" rel="noopener">Research Center for Studies of food quality and agricultural products</a><br />
<a href="https://www.usamv.ro/index.php/en/" target="_blank" rel="noopener">University of Agronomic Sciences and Veterinary Medicine of Bucharest</a><br />
Bd. Mărăști 59<br />
Bucharest, District 1<br />
Romania</p>
</div>
</div>
</div>
<p>[/vc_column_text][/vc_column][/vc_row]</p>

<p>[vc_row][vc_column][/vc_column][/vc_row][vc_row container=&#8221;1&#8243; css=&#8221;.vc_custom_1635930059565{margin-top: 25px !important;}&#8221;][vc_column width=&#8221;1/2&#8243;][vc_column_text] A Hort4EUGreen projekt általános célja, hogy a partnerszervezetek munkatársait és diákjait képezze négy, az</p>
